{"id":1246,"date":"2024-11-26T00:51:47","date_gmt":"2024-11-25T23:51:47","guid":{"rendered":"https:\/\/vertecentrum.pl\/?page_id=1246"},"modified":"2025-09-24T21:29:58","modified_gmt":"2025-09-24T19:29:58","slug":"terapia-uzaleznien","status":"publish","type":"page","link":"https:\/\/vertecentrum.pl\/index.php\/terapia-uzaleznien\/","title":{"rendered":"Terapia uzale\u017cnie\u0144"},"content":{"rendered":"\t\t<div data-elementor-type=\"wp-page\" data-elementor-id=\"1246\" class=\"elementor elementor-1246\" data-elementor-post-type=\"page\">\n\t\t\t\t<div class=\"elementor-element elementor-element-5361b80 e-flex e-con-boxed e-con e-parent\" data-id=\"5361b80\" data-element_type=\"container\" data-e-type=\"container\">\n\t\t\t\t\t<div class=\"e-con-inner\">\n\t\t<div class=\"elementor-element elementor-element-7606fe4 e-con-full e-flex e-con e-child\" data-id=\"7606fe4\" data-element_type=\"container\" data-e-type=\"container\">\n\t\t<div class=\"elementor-element elementor-element-2cad1c1 e-grid e-con-full e-con e-child\" data-id=\"2cad1c1\" data-element_type=\"container\" data-e-type=\"container\" data-settings=\"{&quot;background_background&quot;:&quot;classic&quot;}\">\n\t\t\t\t<div class=\"elementor-element elementor-element-e73bb17 elementor-widget elementor-widget-image\" data-id=\"e73bb17\" data-element_type=\"widget\" data-e-type=\"widget\" data-widget_type=\"image.default\">\n\t\t\t\t<div class=\"elementor-widget-container\">\n\t\t\t\t\t\t\t\t\t\t\t\t\t\t\t<img fetchpriority=\"high\" decoding=\"async\" width=\"768\" height=\"511\" src=\"https:\/\/vertecentrum.pl\/wp-content\/uploads\/2024\/11\/Projekt-bez-nazwy-23-e1751913423787-768x511.png\" class=\"attachment-medium_large size-medium_large wp-image-1249\" alt=\"\" srcset=\"https:\/\/vertecentrum.pl\/wp-content\/uploads\/2024\/11\/Projekt-bez-nazwy-23-e1751913423787-768x511.png 768w, https:\/\/vertecentrum.pl\/wp-content\/uploads\/2024\/11\/Projekt-bez-nazwy-23-e1751913423787-300x199.png 300w, https:\/\/vertecentrum.pl\/wp-content\/uploads\/2024\/11\/Projekt-bez-nazwy-23-e1751913423787-1024x681.png 1024w, https:\/\/vertecentrum.pl\/wp-content\/uploads\/2024\/11\/Projekt-bez-nazwy-23-e1751913423787-930x620.png 930w, https:\/\/vertecentrum.pl\/wp-content\/uploads\/2024\/11\/Projekt-bez-nazwy-23-e1751913423787.png 1080w\" sizes=\"(max-width: 768px) 100vw, 768px\" \/>\t\t\t\t\t\t\t\t\t\t\t\t\t\t\t<\/div>\n\t\t\t\t<\/div>\n\t\t\t\t<div class=\"elementor-element elementor-element-9638aeb elementor-widget elementor-widget-image\" data-id=\"9638aeb\" data-element_type=\"widget\" data-e-type=\"widget\" data-widget_type=\"image.default\">\n\t\t\t\t<div class=\"elementor-widget-container\">\n\t\t\t\t\t\t\t\t\t\t\t\t\t\t\t<img decoding=\"async\" width=\"768\" height=\"768\" src=\"https:\/\/vertecentrum.pl\/wp-content\/uploads\/2024\/11\/Projekt-bez-nazwy-22-768x768.png\" class=\"attachment-medium_large size-medium_large wp-image-1250\" alt=\"\" srcset=\"https:\/\/vertecentrum.pl\/wp-content\/uploads\/2024\/11\/Projekt-bez-nazwy-22-768x768.png 768w, https:\/\/vertecentrum.pl\/wp-content\/uploads\/2024\/11\/Projekt-bez-nazwy-22-300x300.png 300w, https:\/\/vertecentrum.pl\/wp-content\/uploads\/2024\/11\/Projekt-bez-nazwy-22-1024x1024.png 1024w, https:\/\/vertecentrum.pl\/wp-content\/uploads\/2024\/11\/Projekt-bez-nazwy-22-150x150.png 150w, https:\/\/vertecentrum.pl\/wp-content\/uploads\/2024\/11\/Projekt-bez-nazwy-22.png 1080w\" sizes=\"(max-width: 768px) 100vw, 768px\" \/>\t\t\t\t\t\t\t\t\t\t\t\t\t\t\t<\/div>\n\t\t\t\t<\/div>\n\t\t\t\t<div class=\"elementor-element elementor-element-8c6f73f elementor-widget elementor-widget-image\" data-id=\"8c6f73f\" data-element_type=\"widget\" data-e-type=\"widget\" data-widget_type=\"image.default\">\n\t\t\t\t<div class=\"elementor-widget-container\">\n\t\t\t\t\t\t\t\t\t\t\t\t\t\t\t<img decoding=\"async\" width=\"768\" height=\"768\" src=\"https:\/\/vertecentrum.pl\/wp-content\/uploads\/2024\/11\/Projekt-bez-nazwy-24-768x768.png\" class=\"attachment-medium_large size-medium_large wp-image-1248\" alt=\"\" srcset=\"https:\/\/vertecentrum.pl\/wp-content\/uploads\/2024\/11\/Projekt-bez-nazwy-24-768x768.png 768w, https:\/\/vertecentrum.pl\/wp-content\/uploads\/2024\/11\/Projekt-bez-nazwy-24-300x300.png 300w, https:\/\/vertecentrum.pl\/wp-content\/uploads\/2024\/11\/Projekt-bez-nazwy-24-1024x1024.png 1024w, https:\/\/vertecentrum.pl\/wp-content\/uploads\/2024\/11\/Projekt-bez-nazwy-24-150x150.png 150w, https:\/\/vertecentrum.pl\/wp-content\/uploads\/2024\/11\/Projekt-bez-nazwy-24.png 1080w\" sizes=\"(max-width: 768px) 100vw, 768px\" \/>\t\t\t\t\t\t\t\t\t\t\t\t\t\t\t<\/div>\n\t\t\t\t<\/div>\n\t\t\t\t<\/div>\n\t\t\t\t<\/div>\n\t\t<div class=\"elementor-element elementor-element-704f9ed e-con-full e-flex e-con e-child\" data-id=\"704f9ed\" data-element_type=\"container\" data-e-type=\"container\">\n\t\t\t\t<div class=\"elementor-element elementor-element-d78df25 elementor-widget elementor-widget-heading\" data-id=\"d78df25\" data-element_type=\"widget\" data-e-type=\"widget\" data-widget_type=\"heading.default\">\n\t\t\t\t<div class=\"elementor-widget-container\">\n\t\t\t\t\t<h1 class=\"elementor-heading-title elementor-size-default\">\nUzale\u017cnienie od alkoholu, wsp\u00f3\u0142uzale\u017cnienie i uzale\u017cnienia behawioralne \u2013 kompleksowa pomoc w Verte Centrum Zdrowia<\/h1>\t\t\t\t<\/div>\n\t\t\t\t<\/div>\n\t\t\t\t<div class=\"elementor-element elementor-element-2ffa3b1 elementor-widget elementor-widget-text-editor\" data-id=\"2ffa3b1\" data-element_type=\"widget\" data-e-type=\"widget\" data-widget_type=\"text-editor.default\">\n\t\t\t\t<div class=\"elementor-widget-container\">\n\t\t\t\t\t\t\t\t\t<p>Uzale\u017cnienia, zar\u00f3wno od substancji, jak i behawioralne, maj\u0105 ogromny wp\u0142yw na \u017cycie osoby uzale\u017cnionej oraz jej bliskich. W Verte Centrum Zdrowia oferujemy profesjonalne wsparcie dla os\u00f3b zmagaj\u0105cych si\u0119 z uzale\u017cnieniem od alkoholu, wsp\u00f3\u0142uzale\u017cnieniem oraz uzale\u017cnieniami behawioralnymi, pomagaj\u0105c odzyska\u0107 kontrol\u0119 nad \u017cyciem i odbudowa\u0107 zdrowe relacje.<\/p>\t\t\t\t\t\t\t\t<\/div>\n\t\t\t\t<\/div>\n\t\t\t\t<div class=\"elementor-element elementor-element-8a2f0ae elementor-widget elementor-widget-heading\" data-id=\"8a2f0ae\" data-element_type=\"widget\" data-e-type=\"widget\" data-widget_type=\"heading.default\">\n\t\t\t\t<div class=\"elementor-widget-container\">\n\t\t\t\t\t<h2 class=\"elementor-heading-title elementor-size-default\">Uzale\u017cnienie od alkoholu \u2013 jak je rozpozna\u0107?<\/h2>\t\t\t\t<\/div>\n\t\t\t\t<\/div>\n\t\t\t\t<div class=\"elementor-element elementor-element-e0aa368 elementor-widget elementor-widget-text-editor\" data-id=\"e0aa368\" data-element_type=\"widget\" data-e-type=\"widget\" data-widget_type=\"text-editor.default\">\n\t\t\t\t<div class=\"elementor-widget-container\">\n\t\t\t\t\t\t\t\t\t<p>Uzale\u017cnienie od alkoholu (alkoholizm) to choroba post\u0119puj\u0105ca, kt\u00f3ra mo\u017ce prowadzi\u0107 do powa\u017cnych konsekwencji zdrowotnych, emocjonalnych, spo\u0142ecznych i zawodowych. Jest to stan, w kt\u00f3rym osoba traci zdolno\u015b\u0107 do kontrolowania ilo\u015bci spo\u017cywanego alkoholu oraz jego wp\u0142ywu na \u017cycie. Typowe objawy uzale\u017cnienia to:<\/p>\n<ul>\n<li>Silna potrzeba picia alkoholu (tzw. g\u0142\u00f3d alkoholowy).<\/li>\n<li>Trudno\u015bci w kontrolowaniu picia, np. niemo\u017cno\u015b\u0107 zaprzestania po rozpocz\u0119ciu spo\u017cywania alkoholu.<\/li>\n<li>Zwi\u0119kszanie tolerancji, czyli potrzeba spo\u017cywania coraz wi\u0119kszych ilo\u015bci alkoholu, aby osi\u0105gn\u0105\u0107 ten sam efekt.<\/li>\n<li>Objawy odstawienia, takie jak dr\u017cenie r\u0105k, niepok\u00f3j, pocenie si\u0119 czy zaburzenia snu.<\/li>\n<li>Negatywne skutki zdrowotne i spo\u0142eczne, m.in. problemy z w\u0105trob\u0105, relacjami rodzinnymi czy funkcjonowaniem w pracy.<\/li>\n<li>Picie pomimo \u015bwiadomego zauwa\u017cania destrukcyjnych skutk\u00f3w.<\/li>\n<\/ul>\t\t\t\t\t\t\t\t<\/div>\n\t\t\t\t<\/div>\n\t\t\t\t<div class=\"elementor-element elementor-element-06bd60d elementor-widget elementor-widget-heading\" data-id=\"06bd60d\" data-element_type=\"widget\" data-e-type=\"widget\" data-widget_type=\"heading.default\">\n\t\t\t\t<div class=\"elementor-widget-container\">\n\t\t\t\t\t<h3 class=\"elementor-heading-title elementor-size-default\">Dlaczego warto skorzysta\u0107 z terapii uzale\u017cnienia od alkoholu?<\/h3>\t\t\t\t<\/div>\n\t\t\t\t<\/div>\n\t\t\t\t<div class=\"elementor-element elementor-element-6cf2231 elementor-widget elementor-widget-text-editor\" data-id=\"6cf2231\" data-element_type=\"widget\" data-e-type=\"widget\" data-widget_type=\"text-editor.default\">\n\t\t\t\t<div class=\"elementor-widget-container\">\n\t\t\t\t\t\t\t\t\t<p>Terapia uzale\u017cnienia od alkoholu to klucz do powrotu do zdrowia i r\u00f3wnowagi. Nasi instruktorzy terapii uzale\u017cnie\u0144 pomagaj\u0105 pacjentom:<\/p>\n<ul>\n<li>Zrozumie\u0107 mechanizmy uzale\u017cnienia, w tym psychologiczne, spo\u0142eczne i biologiczne czynniki wp\u0142ywaj\u0105ce na alkoholizm.<\/li>\n<li>Opracowa\u0107 skuteczne strategie radzenia sobie z g\u0142odem alkoholowym i trudnymi emocjami.<\/li>\n<li>Budowa\u0107 zdrowe nawyki i relacje, kt\u00f3re zast\u0119puj\u0105 destrukcyjne wzorce zachowa\u0144.<\/li>\n<li>Zwi\u0119kszy\u0107 motywacj\u0119 do utrzymania abstynencji oraz opracowa\u0107 plan prewencji nawrot\u00f3w.<\/li>\n<li>Regularnie spotyka\u0107 si\u0119, by wsp\u00f3lnie monitorowa\u0107 post\u0119py i pracowa\u0107 nad d\u0142ugoterminowymi celami.<\/li>\n<\/ul>\t\t\t\t\t\t\t\t<\/div>\n\t\t\t\t<\/div>\n\t\t\t\t<div class=\"elementor-element elementor-element-c4dce15 elementor-widget elementor-widget-heading\" data-id=\"c4dce15\" data-element_type=\"widget\" data-e-type=\"widget\" data-widget_type=\"heading.default\">\n\t\t\t\t<div class=\"elementor-widget-container\">\n\t\t\t\t\t<h3 class=\"elementor-heading-title elementor-size-default\">Kim jest instruktor terapii uzale\u017cnie\u0144?<\/h3>\t\t\t\t<\/div>\n\t\t\t\t<\/div>\n\t\t\t\t<div class=\"elementor-element elementor-element-a820000 elementor-widget elementor-widget-text-editor\" data-id=\"a820000\" data-element_type=\"widget\" data-e-type=\"widget\" data-widget_type=\"text-editor.default\">\n\t\t\t\t<div class=\"elementor-widget-container\">\n\t\t\t\t\t\t\t\t\t<p>Instruktor terapii uzale\u017cnie\u0144 to specjalista, kt\u00f3ry pe\u0142ni wa\u017cn\u0105 rol\u0119 w procesie leczenia os\u00f3b uzale\u017cnionych. Jego zadaniem jest:<\/p>\n<ul>\n<li><strong>Wspieranie pacjenta w identyfikacji mechanizm\u00f3w uzale\u017cnienia<\/strong> \u2013 pomagaj\u0105c zrozumie\u0107, jak na\u0142\u00f3g wp\u0142ywa na \u017cycie emocjonalne, spo\u0142eczne i zawodowe.<\/li>\n<li><strong>Motywowanie do zmiany<\/strong> \u2013 wsp\u00f3lne ustalanie realistycznych cel\u00f3w i budowanie strategii ich realizacji.<\/li>\n<li><strong>Praca nad umiej\u0119tno\u015bciami radzenia sobie<\/strong> \u2013 nauka rozpoznawania czynnik\u00f3w wyzwalaj\u0105cych na\u0142\u00f3g i rozwijania zdrowych mechanizm\u00f3w radzenia sobie z trudnymi sytuacjami.<\/li>\n<li><strong>Budowanie planu utrzymania abstynencji<\/strong> \u2013 wsparcie w tworzeniu codziennych nawyk\u00f3w, kt\u00f3re pomagaj\u0105 unika\u0107 nawrot\u00f3w.<\/li>\n<\/ul>\n<p>Instruktor terapii uzale\u017cnie\u0144 wsp\u00f3\u0142pracuje z pacjentem w spos\u00f3b empatyczny i zrozumia\u0142y, dostosowuj\u0105c metody pracy do indywidualnych potrzeb.<\/p>\t\t\t\t\t\t\t\t<\/div>\n\t\t\t\t<\/div>\n\t\t\t\t<div class=\"elementor-element elementor-element-898b0d8 elementor-widget elementor-widget-heading\" data-id=\"898b0d8\" data-element_type=\"widget\" data-e-type=\"widget\" data-widget_type=\"heading.default\">\n\t\t\t\t<div class=\"elementor-widget-container\">\n\t\t\t\t\t<h2 class=\"elementor-heading-title elementor-size-default\">Wsp\u00f3\u0142uzale\u017cnienie i uzale\u017cnienia behawioralne \u2013 d\u0142ugoterminowe wsparcie<\/h2>\t\t\t\t<\/div>\n\t\t\t\t<\/div>\n\t\t\t\t<div class=\"elementor-element elementor-element-2952014 elementor-widget elementor-widget-text-editor\" data-id=\"2952014\" data-element_type=\"widget\" data-e-type=\"widget\" data-widget_type=\"text-editor.default\">\n\t\t\t\t<div class=\"elementor-widget-container\">\n\t\t\t\t\t\t\t\t\t<p>Uzale\u017cnienie dotyka nie tylko osoby pij\u0105cej, ale tak\u017ce jej bliskich. Wsp\u00f3\u0142uzale\u017cnienie, czyli nadmierne zaanga\u017cowanie w problemy osoby uzale\u017cnionej, mo\u017ce prowadzi\u0107 do zaniedbania w\u0142asnych potrzeb, poczucia l\u0119ku, frustracji czy wypalenia. Z kolei uzale\u017cnienia behawioralne, takie jak hazard, kompulsywne zakupy, gry komputerowe czy internet, mog\u0105 r\u00f3wnie destrukcyjnie wp\u0142ywa\u0107 na \u017cycie osoby uzale\u017cnionej.<\/p>\n<p>W Verte Centrum Zdrowia zalecamy wsp\u00f3\u0142prac\u0119 z psychoterapeutami, poniewa\u017c te problemy wymagaj\u0105:<\/p>\n<ul>\n<li>D\u0142ugoterminowego wsparcia, aby zidentyfikowa\u0107 \u017ar\u00f3d\u0142a uzale\u017cnienia i wprowadzi\u0107 trwa\u0142e zmiany.<\/li>\n<li>Regularnej psychoterapii, kt\u00f3ra pomaga w odbudowie r\u00f3wnowagi emocjonalnej oraz w nauce zdrowych mechanizm\u00f3w radzenia sobie.<\/li>\n<li>Pracy nad zrozumieniem problem\u00f3w, stawianiem granic i budowaniem zdrowych relacji z innymi.<\/li>\n<\/ul>\t\t\t\t\t\t\t\t<\/div>\n\t\t\t\t<\/div>\n\t\t\t\t<div class=\"elementor-element elementor-element-222a149 elementor-widget elementor-widget-heading\" data-id=\"222a149\" data-element_type=\"widget\" data-e-type=\"widget\" data-widget_type=\"heading.default\">\n\t\t\t\t<div class=\"elementor-widget-container\">\n\t\t\t\t\t<h4 class=\"elementor-heading-title elementor-size-default\">Profesjonalna pomoc w Verte Centrum Zdrowia<\/h4>\t\t\t\t<\/div>\n\t\t\t\t<\/div>\n\t\t\t\t<div class=\"elementor-element elementor-element-f4b922f elementor-widget elementor-widget-text-editor\" data-id=\"f4b922f\" data-element_type=\"widget\" data-e-type=\"widget\" data-widget_type=\"text-editor.default\">\n\t\t\t\t<div class=\"elementor-widget-container\">\n\t\t\t\t\t\t\t\t\t<p>Nasi psychoterapeuci i instruktorzy terapii uzale\u017cnie\u0144 oferuj\u0105 wsparcie zar\u00f3wno osobom uzale\u017cnionym, jak i ich bliskim. Zapraszamy do skorzystania z:<\/p>\n<ul>\n<li><strong>Indywidualnej terapii psychologicznej<\/strong> \u2013 dostosowanej do Twojej sytuacji i potrzeb.<\/li>\n<li><strong>Terapie rodzin i par<\/strong> \u2013 pomagaj\u0105ce odbudowa\u0107 zdrowe relacje i komunikacj\u0119.<\/li>\n<\/ul>\n<p>Uzale\u017cnienie nie musi definiowa\u0107 Twojego \u017cycia. Skontaktuj si\u0119 z nami, aby um\u00f3wi\u0107 konsultacj\u0119. Wsp\u00f3lnie znajdziemy rozwi\u0105zanie, kt\u00f3re pomo\u017ce Ci odzyska\u0107 wolno\u015b\u0107, r\u00f3wnowag\u0119 i lepsze \u017cycie.<\/p>\t\t\t\t\t\t\t\t<\/div>\n\t\t\t\t<\/div>\n\t\t\t\t<div class=\"elementor-element elementor-element-86d48ca elementor-widget elementor-widget-heading\" data-id=\"86d48ca\" data-element_type=\"widget\" data-e-type=\"widget\" data-widget_type=\"heading.default\">\n\t\t\t\t<div class=\"elementor-widget-container\">\n\t\t\t\t\t<h2 class=\"elementor-heading-title elementor-size-default\">terapia uzale\u017cnie\u0144 Krak\u00f3w, terapia uzale\u017cnie\u0144 Skawina, terapia uzale\u017cnie\u0144 My\u015blenice,<\/h2>\t\t\t\t<\/div>\n\t\t\t\t<\/div>\n\t\t\t\t<\/div>\n\t\t<div class=\"elementor-element elementor-element-230ef6a e-con-full e-flex e-con e-child\" data-id=\"230ef6a\" data-element_type=\"container\" data-e-type=\"container\">\n\t\t\t\t<div class=\"elementor-element elementor-element-61a67f8 elementor-widget elementor-widget-heading\" data-id=\"61a67f8\" data-element_type=\"widget\" data-e-type=\"widget\" data-widget_type=\"heading.default\">\n\t\t\t\t<div class=\"elementor-widget-container\">\n\t\t\t\t\t<h3 class=\"elementor-heading-title elementor-size-default\"><a href=\"https:\/\/vertecentrum.pl\/index.php\/zespol\/\">Specjali\u015bci Verte Centrum Zdrowia <\/a><\/h3>\t\t\t\t<\/div>\n\t\t\t\t<\/div>\n\t\t<div class=\"elementor-element elementor-element-0ac5489 e-grid e-con-full e-con e-child\" data-id=\"0ac5489\" data-element_type=\"container\" data-e-type=\"container\">\n\t\t<div class=\"elementor-element elementor-element-dd95a8e e-con-full e-flex e-con e-child\" data-id=\"dd95a8e\" data-element_type=\"container\" data-e-type=\"container\">\n\t\t\t\t<div class=\"elementor-element elementor-element-184867c elementor-widget elementor-widget-image\" data-id=\"184867c\" data-element_type=\"widget\" data-e-type=\"widget\" data-widget_type=\"image.default\">\n\t\t\t\t<div class=\"elementor-widget-container\">\n\t\t\t\t\t\t\t\t\t\t\t\t\t\t\t\t<a href=\"https:\/\/vertecentrum.pl\/index.php\/z-patrycja-kisielewska\/\">\n\t\t\t\t\t\t\t<img loading=\"lazy\" decoding=\"async\" width=\"150\" height=\"150\" src=\"https:\/\/vertecentrum.pl\/wp-content\/uploads\/2025\/03\/Patrycja-K-150x150.jpg\" class=\"attachment-thumbnail size-thumbnail wp-image-1335\" alt=\"\" \/>\t\t\t\t\t\t\t\t<\/a>\n\t\t\t\t\t\t\t\t\t\t\t\t\t\t\t<\/div>\n\t\t\t\t<\/div>\n\t\t\t\t<div class=\"elementor-element elementor-element-90039ea elementor-widget elementor-widget-heading\" data-id=\"90039ea\" data-element_type=\"widget\" data-e-type=\"widget\" data-widget_type=\"heading.default\">\n\t\t\t\t<div class=\"elementor-widget-container\">\n\t\t\t\t\t<h5 class=\"elementor-heading-title elementor-size-default\"><a href=\"https:\/\/vertecentrum.pl\/index.php\/z-patrycja-kisielewska\/\">mgr Patrycja Kisielewska<\/a><\/h5>\t\t\t\t<\/div>\n\t\t\t\t<\/div>\n\t\t\t\t<div class=\"elementor-element elementor-element-e9310cc elementor-widget elementor-widget-text-editor\" data-id=\"e9310cc\" data-element_type=\"widget\" data-e-type=\"widget\" data-widget_type=\"text-editor.default\">\n\t\t\t\t<div class=\"elementor-widget-container\">\n\t\t\t\t\t\t\t\t\t<h6>PEDAGOG<br \/>PSYCHOTERAPEUTA W TRAKCIE SZKOLENIA (DORO\u015aLI, DZIECI I MODZIE\u017b)\u00a0<\/h6>\t\t\t\t\t\t\t\t<\/div>\n\t\t\t\t<\/div>\n\t\t\t\t<\/div>\n\t\t\t\t<div class=\"elementor-element elementor-element-70d9f0d elementor-align-center elementor-widget elementor-widget-button\" data-id=\"70d9f0d\" data-element_type=\"widget\" data-e-type=\"widget\" data-widget_type=\"button.default\">\n\t\t\t\t<div class=\"elementor-widget-container\">\n\t\t\t\t\t\t\t\t\t<div class=\"elementor-button-wrapper\">\n\t\t\t\t\t<a class=\"elementor-button elementor-button-link elementor-size-sm\" href=\"https:\/\/vertecentrum.pl\/index.php\/wszyscy-specjalisci\/\">\n\t\t\t\t\t\t<span class=\"elementor-button-content-wrapper\">\n\t\t\t\t\t\t\t\t\t<span class=\"elementor-button-text\">Znajd\u017a psychoterapeut\u0119 <\/span>\n\t\t\t\t\t<\/span>\n\t\t\t\t\t<\/a>\n\t\t\t\t<\/div>\n\t\t\t\t\t\t\t\t<\/div>\n\t\t\t\t<\/div>\n\t\t\t\t<div class=\"elementor-element elementor-element-4cd9dda elementor-align-center elementor-widget elementor-widget-button\" data-id=\"4cd9dda\" data-element_type=\"widget\" data-e-type=\"widget\" data-widget_type=\"button.default\">\n\t\t\t\t<div class=\"elementor-widget-container\">\n\t\t\t\t\t\t\t\t\t<div class=\"elementor-button-wrapper\">\n\t\t\t\t\t<a class=\"elementor-button elementor-button-link elementor-size-sm\" href=\"https:\/\/vertecentrum.pl\/index.php\/wyszukiwarka\/\">\n\t\t\t\t\t\t<span class=\"elementor-button-content-wrapper\">\n\t\t\t\t\t\t\t\t\t<span class=\"elementor-button-text\">Skorzystaj z wyszukiwarki specjalist\u00f3w <\/span>\n\t\t\t\t\t<\/span>\n\t\t\t\t\t<\/a>\n\t\t\t\t<\/div>\n\t\t\t\t\t\t\t\t<\/div>\n\t\t\t\t<\/div>\n\t\t\t\t<\/div>\n\t\t\t\t<\/div>\n\t\t<div class=\"elementor-element elementor-element-eb27b0c e-grid e-con-full e-con e-child\" data-id=\"eb27b0c\" data-element_type=\"container\" data-e-type=\"container\">\n\t\t\t\t<div class=\"elementor-element elementor-element-f9f1baf elementor-align-center elementor-widget elementor-widget-button\" data-id=\"f9f1baf\" data-element_type=\"widget\" data-e-type=\"widget\" data-widget_type=\"button.default\">\n\t\t\t\t<div class=\"elementor-widget-container\">\n\t\t\t\t\t\t\t\t\t<div class=\"elementor-button-wrapper\">\n\t\t\t\t\t<a class=\"elementor-button elementor-button-link elementor-size-sm\" href=\"https:\/\/vertecentrum.pl\/index.php\/wszyscy-specjalisci\/\">\n\t\t\t\t\t\t<span class=\"elementor-button-content-wrapper\">\n\t\t\t\t\t\t<span class=\"elementor-button-icon\">\n\t\t\t\t<svg aria-hidden=\"true\" class=\"e-font-icon-svg e-fas-caret-right\" viewBox=\"0 0 192 512\" xmlns=\"http:\/\/www.w3.org\/2000\/svg\"><path d=\"M0 384.662V127.338c0-17.818 21.543-26.741 34.142-14.142l128.662 128.662c7.81 7.81 7.81 20.474 0 28.284L34.142 398.804C21.543 411.404 0 402.48 0 384.662z\"><\/path><\/svg>\t\t\t<\/span>\n\t\t\t\t\t\t\t\t\t<span class=\"elementor-button-text\">Wi\u0119cej informacji o specjalistach<\/span>\n\t\t\t\t\t<\/span>\n\t\t\t\t\t<\/a>\n\t\t\t\t<\/div>\n\t\t\t\t\t\t\t\t<\/div>\n\t\t\t\t<\/div>\n\t\t\t\t<div class=\"elementor-element elementor-element-4400b6a elementor-align-center elementor-widget elementor-widget-button\" data-id=\"4400b6a\" data-element_type=\"widget\" data-e-type=\"widget\" data-widget_type=\"button.default\">\n\t\t\t\t<div class=\"elementor-widget-container\">\n\t\t\t\t\t\t\t\t\t<div class=\"elementor-button-wrapper\">\n\t\t\t\t\t<a class=\"elementor-button elementor-button-link elementor-size-sm\" href=\"https:\/\/vertecentrum.pl\/index.php\/kontakt\/\">\n\t\t\t\t\t\t<span class=\"elementor-button-content-wrapper\">\n\t\t\t\t\t\t<span class=\"elementor-button-icon\">\n\t\t\t\t<svg aria-hidden=\"true\" class=\"e-font-icon-svg e-fas-caret-right\" viewBox=\"0 0 192 512\" xmlns=\"http:\/\/www.w3.org\/2000\/svg\"><path d=\"M0 384.662V127.338c0-17.818 21.543-26.741 34.142-14.142l128.662 128.662c7.81 7.81 7.81 20.474 0 28.284L34.142 398.804C21.543 411.404 0 402.48 0 384.662z\"><\/path><\/svg>\t\t\t<\/span>\n\t\t\t\t\t\t\t\t\t<span class=\"elementor-button-text\">Um\u00f3w wizyt\u0119 <\/span>\n\t\t\t\t\t<\/span>\n\t\t\t\t\t<\/a>\n\t\t\t\t<\/div>\n\t\t\t\t\t\t\t\t<\/div>\n\t\t\t\t<\/div>\n\t\t\t\t<\/div>\n\t\t\t\t\t<\/div>\n\t\t\t\t<\/div>\n\t\t\t\t<\/div>\n\t\t","protected":false},"excerpt":{"rendered":"<p>Uzale\u017cnienie od alkoholu, wsp\u00f3\u0142uzale\u017cnienie i uzale\u017cnienia behawioralne \u2013 kompleksowa pomoc w Verte Centrum Zdrowia Uzale\u017cnienia, zar\u00f3wno od substancji, jak i behawioralne, maj\u0105 ogromny wp\u0142yw na \u017cycie osoby uzale\u017cnionej oraz jej bliskich. W Verte Centrum Zdrowia oferujemy profesjonalne wsparcie dla os\u00f3b zmagaj\u0105cych si\u0119 z uzale\u017cnieniem od alkoholu, wsp\u00f3\u0142uzale\u017cnieniem oraz uzale\u017cnieniami behawioralnymi, pomagaj\u0105c odzyska\u0107 kontrol\u0119 nad \u017cyciem&hellip;&nbsp;<a href=\"https:\/\/vertecentrum.pl\/index.php\/terapia-uzaleznien\/\" rel=\"bookmark\">Dowiedz si\u0119 wi\u0119cej &raquo;<span class=\"screen-reader-text\">Terapia uzale\u017cnie\u0144<\/span><\/a><\/p>\n","protected":false},"author":1,"featured_media":0,"parent":0,"menu_order":0,"comment_status":"closed","ping_status":"closed","template":"","meta":{"neve_meta_sidebar":"","neve_meta_container":"","neve_meta_enable_content_width":"","neve_meta_content_width":0,"neve_meta_title_alignment":"","neve_meta_author_avatar":"","neve_post_elements_order":"","neve_meta_disable_header":"","neve_meta_disable_footer":"","neve_meta_disable_title":"","_themeisle_gutenberg_block_has_review":false,"footnotes":""},"class_list":["post-1246","page","type-page","status-publish","hentry"],"_links":{"self":[{"href":"https:\/\/vertecentrum.pl\/index.php\/wp-json\/wp\/v2\/pages\/1246","targetHints":{"allow":["GET"]}}],"collection":[{"href":"https:\/\/vertecentrum.pl\/index.php\/wp-json\/wp\/v2\/pages"}],"about":[{"href":"https:\/\/vertecentrum.pl\/index.php\/wp-json\/wp\/v2\/types\/page"}],"author":[{"embeddable":true,"href":"https:\/\/vertecentrum.pl\/index.php\/wp-json\/wp\/v2\/users\/1"}],"replies":[{"embeddable":true,"href":"https:\/\/vertecentrum.pl\/index.php\/wp-json\/wp\/v2\/comments?post=1246"}],"version-history":[{"count":16,"href":"https:\/\/vertecentrum.pl\/index.php\/wp-json\/wp\/v2\/pages\/1246\/revisions"}],"predecessor-version":[{"id":1610,"href":"https:\/\/vertecentrum.pl\/index.php\/wp-json\/wp\/v2\/pages\/1246\/revisions\/1610"}],"wp:attachment":[{"href":"https:\/\/vertecentrum.pl\/index.php\/wp-json\/wp\/v2\/media?parent=1246"}],"curies":[{"name":"wp","href":"https:\/\/api.w.org\/{rel}","templated":true}]}}