{"id":359,"date":"2024-02-14T01:17:50","date_gmt":"2024-02-14T00:17:50","guid":{"rendered":"https:\/\/vertecentrum.pl\/?page_id=359"},"modified":"2025-09-24T21:23:22","modified_gmt":"2025-09-24T19:23:22","slug":"wyszukiwarka","status":"publish","type":"page","link":"https:\/\/vertecentrum.pl\/index.php\/wyszukiwarka\/","title":{"rendered":"Wyszukiwarka specjalist\u00f3w"},"content":{"rendered":"\t\t<div data-elementor-type=\"wp-page\" data-elementor-id=\"359\" class=\"elementor elementor-359\" data-elementor-post-type=\"page\">\n\t\t\t\t<div class=\"elementor-element elementor-element-c2e8c05 e-flex e-con-boxed e-con e-parent\" data-id=\"c2e8c05\" data-element_type=\"container\" data-e-type=\"container\" data-settings=\"{&quot;background_background&quot;:&quot;classic&quot;}\">\n\t\t\t\t\t<div class=\"e-con-inner\">\n\t\t<div class=\"elementor-element elementor-element-baf37f3 e-flex e-con-boxed e-con e-child\" data-id=\"baf37f3\" data-element_type=\"container\" data-e-type=\"container\">\n\t\t\t\t\t<div class=\"e-con-inner\">\n\t\t\t\t<div class=\"elementor-element elementor-element-9643d38 elementor-widget elementor-widget-html\" data-id=\"9643d38\" data-element_type=\"widget\" data-e-type=\"widget\" data-widget_type=\"html.default\">\n\t\t\t\t<div class=\"elementor-widget-container\">\n\t\t\t\t\t<button onclick=\"showGallery('psycholog')\">Psycholodzy i psychoterapeuci<\/button>\n<button onclick=\"showGallery('psycholog dzieci i m\u0142odzie\u017cy')\">Psycholodzy dzieci\u0119cy<\/button>\n<!-- <button onclick=\"showGallery('psychoterapeuta')\">Psychoterapeuci<\/button> -->\n<button onclick=\"showGallery('seksuolog')\">Seksuolodzy<\/button>\n<button onclick=\"showGallery('terapeuta par')\">Terapeuci par<\/button>\n<button onclick=\"showGallery('fizjoterapeuta')\">Fizjoterapeuci<\/button>\t\t\t\t<\/div>\n\t\t\t\t<\/div>\n\t\t\t\t\t<\/div>\n\t\t\t\t<\/div>\n\t\t<div class=\"elementor-element elementor-element-e73f7f8 e-flex e-con-boxed e-con e-child\" data-id=\"e73f7f8\" data-element_type=\"container\" data-e-type=\"container\">\n\t\t\t\t\t<div class=\"e-con-inner\">\n\t\t\t\t<div class=\"elementor-element elementor-element-306a911 elementor-widget elementor-widget-html\" data-id=\"306a911\" data-element_type=\"widget\" data-e-type=\"widget\" data-widget_type=\"html.default\">\n\t\t\t\t<div class=\"elementor-widget-container\">\n\t\t\t\t\t<div id=\"gallery\"><\/div>\t\t\t\t<\/div>\n\t\t\t\t<\/div>\n\t\t\t\t\t<\/div>\n\t\t\t\t<\/div>\n\t\t<div class=\"elementor-element elementor-element-0f43d4d e-flex e-con-boxed e-con e-child\" data-id=\"0f43d4d\" data-element_type=\"container\" data-e-type=\"container\">\n\t\t\t\t\t<div class=\"e-con-inner\">\n\t\t<div class=\"elementor-element elementor-element-dae4ab1 e-con-full e-flex e-con e-child\" data-id=\"dae4ab1\" data-element_type=\"container\" data-e-type=\"container\" data-settings=\"{&quot;background_background&quot;:&quot;classic&quot;}\">\n\t\t\t\t<div class=\"elementor-element elementor-element-d1f6979 elementor-widget elementor-widget-html\" data-id=\"d1f6979\" data-element_type=\"widget\" data-e-type=\"widget\" data-widget_type=\"html.default\">\n\t\t\t\t<div class=\"elementor-widget-container\">\n\t\t\t\t\t<img decoding=\"async\" id=\"pic\" width=\"150\" height=\"150\" src=\"https:\/\/vertecentrum.pl\/wp-content\/uploads\/2023\/04\/pexels-shvets-production-7176026-300x200.jpg\" \/>\t\t\t\t<\/div>\n\t\t\t\t<\/div>\n\t\t\t\t<div class=\"elementor-element elementor-element-12beced elementor-widget elementor-widget-text-editor\" data-id=\"12beced\" data-element_type=\"widget\" data-e-type=\"widget\" id=\"name\" data-widget_type=\"text-editor.default\">\n\t\t\t\t<div class=\"elementor-widget-container\">\n\t\t\t\t\t\t\t\t\t<p id=\"name\" style=\"display:none;\">&#8230;<\/p>\t\t\t\t\t\t\t\t<\/div>\n\t\t\t\t<\/div>\n\t\t\t\t<div class=\"elementor-element elementor-element-090e02d elementor-widget elementor-widget-text-editor\" data-id=\"090e02d\" data-element_type=\"widget\" data-e-type=\"widget\" data-widget_type=\"text-editor.default\">\n\t\t\t\t<div class=\"elementor-widget-container\">\n\t\t\t\t\t\t\t\t\t<p id=\"specialities\" style=\"display:none;\">&#8230;<\/p>\t\t\t\t\t\t\t\t<\/div>\n\t\t\t\t<\/div>\n\t\t\t\t<\/div>\n\t\t<div class=\"elementor-element elementor-element-88b2895 e-flex e-con-boxed e-con e-child\" data-id=\"88b2895\" data-element_type=\"container\" data-e-type=\"container\">\n\t\t\t\t\t<div class=\"e-con-inner\">\n\t\t\t\t<div class=\"elementor-element elementor-element-7c5d534 elementor-widget elementor-widget-text-editor\" data-id=\"7c5d534\" data-element_type=\"widget\" data-e-type=\"widget\" data-widget_type=\"text-editor.default\">\n\t\t\t\t<div class=\"elementor-widget-container\">\n\t\t\t\t\t\t\t\t\t<p id=\"description\">Wybierz grup\u0119 specjalist\u00f3w z listy powy\u017cej, a nast\u0119pnie konkretnego eksperta z galerii.<\/p>\t\t\t\t\t\t\t\t<\/div>\n\t\t\t\t<\/div>\n\t\t\t\t\t<\/div>\n\t\t\t\t<\/div>\n\t\t\t\t\t<\/div>\n\t\t\t\t<\/div>\n\t\t\t\t\t<\/div>\n\t\t\t\t<\/div>\n\t\t\t\t<\/div>\n\t\t","protected":false},"excerpt":{"rendered":"<p>Psycholodzy i psychoterapeuci Psycholodzy dzieci\u0119cy Seksuolodzy Terapeuci par Fizjoterapeuci &#8230; &#8230; Wybierz grup\u0119 specjalist\u00f3w z listy powy\u017cej, a nast\u0119pnie konkretnego eksperta z galerii.<\/p>\n","protected":false},"author":1,"featured_media":0,"parent":0,"menu_order":0,"comment_status":"closed","ping_status":"closed","template":"page-templates\/template-pagebuilder-full-width.php","meta":{"neve_meta_sidebar":"","neve_meta_container":"","neve_meta_enable_content_width":"","neve_meta_content_width":0,"neve_meta_title_alignment":"","neve_meta_author_avatar":"","neve_post_elements_order":"","neve_meta_disable_header":"","neve_meta_disable_footer":"","neve_meta_disable_title":"","_themeisle_gutenberg_block_has_review":false,"footnotes":""},"class_list":["post-359","page","type-page","status-publish","hentry"],"_links":{"self":[{"href":"https:\/\/vertecentrum.pl\/index.php\/wp-json\/wp\/v2\/pages\/359","targetHints":{"allow":["GET"]}}],"collection":[{"href":"https:\/\/vertecentrum.pl\/index.php\/wp-json\/wp\/v2\/pages"}],"about":[{"href":"https:\/\/vertecentrum.pl\/index.php\/wp-json\/wp\/v2\/types\/page"}],"author":[{"embeddable":true,"href":"https:\/\/vertecentrum.pl\/index.php\/wp-json\/wp\/v2\/users\/1"}],"replies":[{"embeddable":true,"href":"https:\/\/vertecentrum.pl\/index.php\/wp-json\/wp\/v2\/comments?post=359"}],"version-history":[{"count":90,"href":"https:\/\/vertecentrum.pl\/index.php\/wp-json\/wp\/v2\/pages\/359\/revisions"}],"predecessor-version":[{"id":1601,"href":"https:\/\/vertecentrum.pl\/index.php\/wp-json\/wp\/v2\/pages\/359\/revisions\/1601"}],"wp:attachment":[{"href":"https:\/\/vertecentrum.pl\/index.php\/wp-json\/wp\/v2\/media?parent=359"}],"curies":[{"name":"wp","href":"https:\/\/api.w.org\/{rel}","templated":true}]}}