{"id":457,"date":"2024-02-14T02:06:14","date_gmt":"2024-02-14T01:06:14","guid":{"rendered":"https:\/\/vertecentrum.pl\/?page_id=457"},"modified":"2024-02-14T02:11:04","modified_gmt":"2024-02-14T01:11:04","slug":"wspolpraca","status":"publish","type":"page","link":"https:\/\/vertecentrum.pl\/index.php\/kontakt\/wspolpraca\/","title":{"rendered":"Wsp\u00f3\u0142praca"},"content":{"rendered":"\t\t<div data-elementor-type=\"wp-page\" data-elementor-id=\"457\" class=\"elementor elementor-457\" data-elementor-post-type=\"page\">\n\t\t\t\t<div class=\"elementor-element elementor-element-29e7f50 e-flex e-con-boxed e-con e-parent\" data-id=\"29e7f50\" data-element_type=\"container\" data-e-type=\"container\" data-settings=\"{&quot;background_background&quot;:&quot;classic&quot;}\">\n\t\t\t\t\t<div class=\"e-con-inner\">\n\t\t\t\t<div class=\"elementor-element elementor-element-24e97d4 elementor-widget elementor-widget-heading\" data-id=\"24e97d4\" data-element_type=\"widget\" data-e-type=\"widget\" data-widget_type=\"heading.default\">\n\t\t\t\t<div class=\"elementor-widget-container\">\n\t\t\t\t\t<h2 class=\"elementor-heading-title elementor-size-default\">Poszukujemy do wsp\u00f3\u0142pracy:<\/h2>\t\t\t\t<\/div>\n\t\t\t\t<\/div>\n\t\t\t\t<div class=\"elementor-element elementor-element-7c38774 elementor-widget elementor-widget-text-editor\" data-id=\"7c38774\" data-element_type=\"widget\" data-e-type=\"widget\" data-widget_type=\"text-editor.default\">\n\t\t\t\t<div class=\"elementor-widget-container\">\n\t\t\t\t\t\t\t\t\t<ul>\n<li>Psycholog<\/li>\n<li>Logopeda<\/li>\n<li>Psychoterapeuta<\/li>\n<li>Dietetyk<\/li>\n<li>Seksuolog<\/li>\n<\/ul>\t\t\t\t\t\t\t\t<\/div>\n\t\t\t\t<\/div>\n\t\t\t\t<div class=\"elementor-element elementor-element-8c8a4f7 elementor-widget elementor-widget-text-editor\" data-id=\"8c8a4f7\" data-element_type=\"widget\" data-e-type=\"widget\" data-widget_type=\"text-editor.default\">\n\t\t\t\t<div class=\"elementor-widget-container\">\n\t\t\t\t\t\t\t\t\t<p>Prosimy o przes\u0142anie CV wraz z klauzul\u0105:<\/p>\n<p><em>Wyra\u017cam zgod\u0119 na przetwarzanie moich danych osobowych zawartych w ofercie pracy dla potrzeb procesu rekrutacji zgodnie z ustaw\u0105 z dnia 27.08.1997r. Dz. U. z 2002 r., Nr 101, poz. 923 ze zm.<\/em><\/p>\n<p>na adres\u00a0<a href=\"mailto:kontakt@vertecentrum.pl\">kontakt@vertecentrum.pl<\/a><\/p>\t\t\t\t\t\t\t\t<\/div>\n\t\t\t\t<\/div>\n\t\t\t\t\t<\/div>\n\t\t\t\t<\/div>\n\t\t\t\t<\/div>\n\t\t","protected":false},"excerpt":{"rendered":"<p>Poszukujemy do wsp\u00f3\u0142pracy: Psycholog Logopeda Psychoterapeuta Dietetyk Seksuolog Prosimy o przes\u0142anie CV wraz z klauzul\u0105: Wyra\u017cam zgod\u0119 na przetwarzanie moich danych osobowych zawartych w ofercie pracy dla potrzeb procesu rekrutacji zgodnie z ustaw\u0105 z dnia 27.08.1997r. Dz. U. z 2002 r., Nr 101, poz. 923 ze zm. na adres\u00a0kontakt@vertecentrum.pl<\/p>\n","protected":false},"author":1,"featured_media":0,"parent":451,"menu_order":0,"comment_status":"closed","ping_status":"closed","template":"","meta":{"neve_meta_sidebar":"","neve_meta_container":"","neve_meta_enable_content_width":"","neve_meta_content_width":0,"neve_meta_title_alignment":"","neve_meta_author_avatar":"","neve_post_elements_order":"","neve_meta_disable_header":"","neve_meta_disable_footer":"","neve_meta_disable_title":"","_themeisle_gutenberg_block_has_review":false,"footnotes":""},"class_list":["post-457","page","type-page","status-publish","hentry"],"_links":{"self":[{"href":"https:\/\/vertecentrum.pl\/index.php\/wp-json\/wp\/v2\/pages\/457","targetHints":{"allow":["GET"]}}],"collection":[{"href":"https:\/\/vertecentrum.pl\/index.php\/wp-json\/wp\/v2\/pages"}],"about":[{"href":"https:\/\/vertecentrum.pl\/index.php\/wp-json\/wp\/v2\/types\/page"}],"author":[{"embeddable":true,"href":"https:\/\/vertecentrum.pl\/index.php\/wp-json\/wp\/v2\/users\/1"}],"replies":[{"embeddable":true,"href":"https:\/\/vertecentrum.pl\/index.php\/wp-json\/wp\/v2\/comments?post=457"}],"version-history":[{"count":4,"href":"https:\/\/vertecentrum.pl\/index.php\/wp-json\/wp\/v2\/pages\/457\/revisions"}],"predecessor-version":[{"id":461,"href":"https:\/\/vertecentrum.pl\/index.php\/wp-json\/wp\/v2\/pages\/457\/revisions\/461"}],"up":[{"embeddable":true,"href":"https:\/\/vertecentrum.pl\/index.php\/wp-json\/wp\/v2\/pages\/451"}],"wp:attachment":[{"href":"https:\/\/vertecentrum.pl\/index.php\/wp-json\/wp\/v2\/media?parent=457"}],"curies":[{"name":"wp","href":"https:\/\/api.w.org\/{rel}","templated":true}]}}

Współpraca

<div data-elementor-type="wp-page" data-elementor-id="457" class="elementor elementor-457" data-elementor-post-type="page">
				<div class="elementor-element elementor-element-29e7f50 e-flex e-con-boxed e-con e-parent" data-id="29e7f50" data-element_type="container" data-e-type="container" data-settings="{&quot;background_background&quot;:&quot;classic&quot;}">
					<div class="e-con-inner">
				<div class="elementor-element elementor-element-24e97d4 elementor-widget elementor-widget-heading" data-id="24e97d4" data-element_type="widget" data-e-type="widget" data-widget_type="heading.default">
				<div class="elementor-widget-container">
					<h2 class="elementor-heading-title elementor-size-default">Poszukujemy do współpracy:</h2>				</div>
				</div>
				<div class="elementor-element elementor-element-7c38774 elementor-widget elementor-widget-text-editor" data-id="7c38774" data-element_type="widget" data-e-type="widget" data-widget_type="text-editor.default">
				<div class="elementor-widget-container">
									<ul>
<li>Psycholog</li>
<li>Logopeda</li>
<li>Psychoterapeuta</li>
<li>Dietetyk</li>
<li>Seksuolog</li>
</ul>								</div>
				</div>
				<div class="elementor-element elementor-element-8c8a4f7 elementor-widget elementor-widget-text-editor" data-id="8c8a4f7" data-element_type="widget" data-e-type="widget" data-widget_type="text-editor.default">
				<div class="elementor-widget-container">
									<p>Prosimy o przesłanie CV wraz z klauzulą:</p>
<p><em>Wyrażam zgodę na przetwarzanie moich danych osobowych zawartych w ofercie pracy dla potrzeb procesu rekrutacji zgodnie z ustawą z dnia 27.08.1997r. Dz. U. z 2002 r., Nr 101, poz. 923 ze zm.</em></p>
<p>na adres <a href="mailto:kontakt@vertecentrum.pl">kontakt@vertecentrum.pl</a></p>								</div>
				</div>
					</div>
				</div>
				</div>

<p>Poszukujemy do współpracy: Psycholog Logopeda Psychoterapeuta Dietetyk Seksuolog Prosimy o przesłanie CV wraz z klauzulą: Wyrażam zgodę na przetwarzanie moich danych osobowych zawartych w ofercie pracy dla potrzeb procesu rekrutacji zgodnie z ustawą z dnia 27.08.1997r. Dz. U. z 2002 r., Nr 101, poz. 923 ze zm. na adres kontakt@vertecentrum.pl</p>
