{"id":511,"date":"2024-03-08T23:17:03","date_gmt":"2024-03-08T22:17:03","guid":{"rendered":"https:\/\/vertecentrum.pl\/?page_id=511"},"modified":"2024-11-26T01:21:19","modified_gmt":"2024-11-26T00:21:19","slug":"cennik","status":"publish","type":"page","link":"https:\/\/vertecentrum.pl\/index.php\/kontakt\/cennik\/","title":{"rendered":"Cennik"},"content":{"rendered":"\t\t<div data-elementor-type=\"wp-page\" data-elementor-id=\"511\" class=\"elementor elementor-511\" data-elementor-post-type=\"page\">\n\t\t\t\t<div class=\"elementor-element elementor-element-e97ceec e-flex e-con-boxed e-con e-parent\" data-id=\"e97ceec\" data-element_type=\"container\" data-e-type=\"container\">\n\t\t\t\t\t<div class=\"e-con-inner\">\n\t\t\t\t<div class=\"elementor-element elementor-element-ffffe01 elementor-widget elementor-widget-heading\" data-id=\"ffffe01\" data-element_type=\"widget\" data-e-type=\"widget\" data-widget_type=\"heading.default\">\n\t\t\t\t<div class=\"elementor-widget-container\">\n\t\t\t\t\t<h2 class=\"elementor-heading-title elementor-size-default\">Cennik<\/h2>\t\t\t\t<\/div>\n\t\t\t\t<\/div>\n\t\t\t\t\t<\/div>\n\t\t\t\t<\/div>\n\t\t<div class=\"elementor-element elementor-element-f585141 e-flex e-con-boxed e-con e-parent\" data-id=\"f585141\" data-element_type=\"container\" data-e-type=\"container\" data-settings=\"{&quot;background_background&quot;:&quot;classic&quot;}\">\n\t\t\t\t\t<div class=\"e-con-inner\">\n\t\t<div class=\"elementor-element elementor-element-f19351a e-grid e-con-full e-con e-child\" data-id=\"f19351a\" data-element_type=\"container\" data-e-type=\"container\">\n\t\t\t\t<div class=\"elementor-element elementor-element-f45d454 elementor-widget elementor-widget-text-editor\" data-id=\"f45d454\" data-element_type=\"widget\" data-e-type=\"widget\" data-widget_type=\"text-editor.default\">\n\t\t\t\t<div class=\"elementor-widget-container\">\n\t\t\t\t\t\t\t\t\t<ul><li>Konsultacja psychologiczna od 180 z\u0142<\/li><li>Konsultacja psychologiczna dzieci i m\u0142odzie\u017cy od 200 z\u0142<\/li><li>Konsultacja seksuologiczna od 200 z\u0142<\/li><li>Interwencja kryzysowa od 200 z\u0142<\/li><li>Opinia pisemna od 100 z\u0142\u00a0<\/li><\/ul>\t\t\t\t\t\t\t\t<\/div>\n\t\t\t\t<\/div>\n\t\t\t\t<div class=\"elementor-element elementor-element-683bbcd elementor-widget elementor-widget-text-editor\" data-id=\"683bbcd\" data-element_type=\"widget\" data-e-type=\"widget\" data-widget_type=\"text-editor.default\">\n\t\t\t\t<div class=\"elementor-widget-container\">\n\t\t\t\t\t\t\t\t\t<ul><li>Konsultacja online od 180 z\u0142<\/li><li>Psychoterapia indywidualna od 180 z\u0142<\/li><li>Terapia par i ma\u0142\u017ce\u0144stw od 280 z\u0142<\/li><li>Terapia rodzin od 280 z\u0142<\/li><li>Terapia uzale\u017cnie\u0144 od 180 z\u0142\u00a0<\/li><\/ul><p>Szczeg\u00f3\u0142owy cennik dost\u0119pny w recepcji\u00a0<\/p>\t\t\t\t\t\t\t\t<\/div>\n\t\t\t\t<\/div>\n\t\t\t\t<\/div>\n\t\t\t\t\t<\/div>\n\t\t\t\t<\/div>\n\t\t\t\t<\/div>\n\t\t","protected":false},"excerpt":{"rendered":"<p>Cennik Konsultacja psychologiczna od 180 z\u0142 Konsultacja psychologiczna dzieci i m\u0142odzie\u017cy od 200 z\u0142 Konsultacja seksuologiczna od 200 z\u0142 Interwencja kryzysowa od 200 z\u0142 Opinia pisemna od 100 z\u0142\u00a0 Konsultacja online od 180 z\u0142 Psychoterapia indywidualna od 180 z\u0142 Terapia par i ma\u0142\u017ce\u0144stw od 280 z\u0142 Terapia rodzin od 280 z\u0142 Terapia uzale\u017cnie\u0144 od 180&hellip;&nbsp;<a href=\"https:\/\/vertecentrum.pl\/index.php\/kontakt\/cennik\/\" rel=\"bookmark\">Dowiedz si\u0119 wi\u0119cej &raquo;<span class=\"screen-reader-text\">Cennik<\/span><\/a><\/p>\n","protected":false},"author":1,"featured_media":0,"parent":451,"menu_order":0,"comment_status":"closed","ping_status":"closed","template":"","meta":{"neve_meta_sidebar":"","neve_meta_container":"","neve_meta_enable_content_width":"","neve_meta_content_width":0,"neve_meta_title_alignment":"","neve_meta_author_avatar":"","neve_post_elements_order":"","neve_meta_disable_header":"","neve_meta_disable_footer":"","neve_meta_disable_title":"","_themeisle_gutenberg_block_has_review":false,"footnotes":""},"class_list":["post-511","page","type-page","status-publish","hentry"],"_links":{"self":[{"href":"https:\/\/vertecentrum.pl\/index.php\/wp-json\/wp\/v2\/pages\/511","targetHints":{"allow":["GET"]}}],"collection":[{"href":"https:\/\/vertecentrum.pl\/index.php\/wp-json\/wp\/v2\/pages"}],"about":[{"href":"https:\/\/vertecentrum.pl\/index.php\/wp-json\/wp\/v2\/types\/page"}],"author":[{"embeddable":true,"href":"https:\/\/vertecentrum.pl\/index.php\/wp-json\/wp\/v2\/users\/1"}],"replies":[{"embeddable":true,"href":"https:\/\/vertecentrum.pl\/index.php\/wp-json\/wp\/v2\/comments?post=511"}],"version-history":[{"count":22,"href":"https:\/\/vertecentrum.pl\/index.php\/wp-json\/wp\/v2\/pages\/511\/revisions"}],"predecessor-version":[{"id":1285,"href":"https:\/\/vertecentrum.pl\/index.php\/wp-json\/wp\/v2\/pages\/511\/revisions\/1285"}],"up":[{"embeddable":true,"href":"https:\/\/vertecentrum.pl\/index.php\/wp-json\/wp\/v2\/pages\/451"}],"wp:attachment":[{"href":"https:\/\/vertecentrum.pl\/index.php\/wp-json\/wp\/v2\/media?parent=511"}],"curies":[{"name":"wp","href":"https:\/\/api.w.org\/{rel}","templated":true}]}}